{"id":83,"date":"2024-01-15T14:19:08","date_gmt":"2024-01-15T14:19:08","guid":{"rendered":"https:\/\/kampanjer.gotamedia.se\/?page_id=83"},"modified":"2024-01-15T14:19:08","modified_gmt":"2024-01-15T14:19:08","slug":"jag-gillar-den-personliga-servicen-pa-ahlberg-bil","status":"publish","type":"page","link":"https:\/\/kampanjer.gotamedia.se\/ahlberg-bil\/jag-gillar-den-personliga-servicen-pa-ahlberg-bil\/","title":{"rendered":"\u201dJag gillar den personliga servicen p\u00e5 Ahlberg Bil\u201d"},"content":{"rendered":"\n<p><strong>N\u00e4r Stig \u201dLillen\u201d Petersson f\u00f6r 30 \u00e5r sedan klev in hos Volvohandlaren i Karlskrona fick han l\u00e5na en bil. Alltsedan dess \u00e4r han kund hos Ahlberg Bil.<\/strong><br><strong>\u2013 Styrkan \u00e4r att det alltid \u00e4r samma s\u00e4ljare och servicetekniker man m\u00f6ter. Det ger en trygghet.<\/strong><\/p>\n\n\n\n<figure class=\"wp-block-image size-large\"><img loading=\"lazy\" decoding=\"async\" width=\"980\" height=\"653\" src=\"https:\/\/kampanjer.gotamedia.se\/wp-content\/uploads\/2024\/01\/Ahlberg5-1-980x653.jpeg\" alt=\"\" class=\"wp-image-85\" srcset=\"https:\/\/kampanjer.gotamedia.se\/wp-content\/uploads\/2024\/01\/Ahlberg5-1-980x653.jpeg 980w, https:\/\/kampanjer.gotamedia.se\/wp-content\/uploads\/2024\/01\/Ahlberg5-1-490x327.jpeg 490w, https:\/\/kampanjer.gotamedia.se\/wp-content\/uploads\/2024\/01\/Ahlberg5-1-768x512.jpeg 768w, https:\/\/kampanjer.gotamedia.se\/wp-content\/uploads\/2024\/01\/Ahlberg5-1-1536x1024.jpeg 1536w, https:\/\/kampanjer.gotamedia.se\/wp-content\/uploads\/2024\/01\/Ahlberg5-1-2048x1365.jpeg 2048w\" sizes=\"auto, (max-width: 980px) 100vw, 980px\" \/><figcaption class=\"wp-element-caption\">Lillen Petersson har varit en trogen kund till Ahlbergs Bil i \u00f6ver trettio \u00e5r.<\/figcaption><\/figure>\n\n\n\n<p>Han har drivit en av de st\u00f6rre sportbutikerna i Karlskrona i 40 \u00e5r och suttit i styrelsen f\u00f6r Karlskrona tennisklubb i m\u00e5nga \u00e5r. Lillen Petersson \u00e4r n\u00e5got av en lokal profil och numera pensionerad. Men b\u00e5de som f\u00f6retagare och privatperson har han varit kund hos&nbsp;<a href=\"https:\/\/www.ahlbergbil.se\/\">Ahlberg Bil<\/a>&nbsp;genom \u00e5ren, d\u00e4r han b\u00e5de k\u00f6pt och leasat sina Volvobilar.<\/p>\n\n\n\n<p>\u2013 Jag trivs med Volvo. Det \u00e4r bra och s\u00e4kra bilar med brett modellutbud. Nu som pension\u00e4r k\u00f6r jag en V60 fr\u00e5n 2021, en bra modell f\u00f6r oss och som familjebil n\u00e4r man har m\u00e5nga barnbarn.<\/p>\n\n\n<div class=\"wp-block-nativblock-qoute\">\n  <div class=\"qoute-wrapper\">\n    <h2>\u201dNu k\u00f6r jag en V60 fr\u00e5n 2021, en bra modell n\u00e4r man har m\u00e5nga barnbarn\u201d<\/h2>\n  <\/div>\n<\/div>\n\n\n<p>Under sina 30 \u00e5r som kund har Lillen haft tv\u00e5 s\u00e4ljare hos Ahlberg Bil. F\u00f6rst Jim Toresten och sedan, f\u00f6r ungef\u00e4r 15 \u00e5r sedan, tog Fredrik Huselius \u00f6ver rollen.<\/p>\n\n\n\n<p>\u2013 Som kund ger det en trygghet att bli igenk\u00e4nd n\u00e4r man kommer in. Det \u00e4r \u00e4ven samma tekniker som servar bilen och som jag pratar med n\u00e4r jag l\u00e4mnar och h\u00e4mtar. Personalen \u00e4r v\u00e4ldigt produktkunniga och vet vad de h\u00e5ller p\u00e5 med. Jag \u00e4r trygg med att jobbet blir r\u00e4tt gjort.<\/p>\n\n\n\n<p>En f\u00f6rdel \u00e4r ocks\u00e5 att Ahlberg Bil har allt samlat under ett tak, konstaterar Lillen.<\/p>\n\n\n\n<p><a href=\"https:\/\/www.ahlbergbil.se\/aga-bil\">L\u00e4s mer om att \u00e4ga bil fr\u00e5n Ahlberg Bil<\/a><\/p>\n\n\n\n<p>\u2013 Det har blivit v\u00e4ldigt bra med de nya lokalerna och de har hela kittet som jag kan t\u00e4nkas beh\u00f6va till mitt bil\u00e4gande. Jag privatleasar och d\u00e5 ing\u00e5r allt, som service, f\u00f6rs\u00e4kring och d\u00e4ckhotell. Man bara bokar en tid och s\u00e5 tar de hand om allt. Som bil\u00e4gare beh\u00f6ver man bara gasa och tanka. Det \u00e4r fantastiskt bra.<\/p>\n\n\n\n<figure class=\"wp-block-image size-large\"><img loading=\"lazy\" decoding=\"async\" width=\"980\" height=\"653\" src=\"https:\/\/kampanjer.gotamedia.se\/wp-content\/uploads\/2024\/01\/Ahlberg-5-2-980x653.jpeg\" alt=\"\" class=\"wp-image-84\" srcset=\"https:\/\/kampanjer.gotamedia.se\/wp-content\/uploads\/2024\/01\/Ahlberg-5-2-980x653.jpeg 980w, https:\/\/kampanjer.gotamedia.se\/wp-content\/uploads\/2024\/01\/Ahlberg-5-2-490x327.jpeg 490w, https:\/\/kampanjer.gotamedia.se\/wp-content\/uploads\/2024\/01\/Ahlberg-5-2-768x512.jpeg 768w, https:\/\/kampanjer.gotamedia.se\/wp-content\/uploads\/2024\/01\/Ahlberg-5-2-1536x1024.jpeg 1536w, https:\/\/kampanjer.gotamedia.se\/wp-content\/uploads\/2024\/01\/Ahlberg-5-2-2048x1365.jpeg 2048w\" sizes=\"auto, (max-width: 980px) 100vw, 980px\" \/><figcaption class=\"wp-element-caption\">\u2013 Som bil\u00e4gare beh\u00f6ver man bara gasa och tanka. Det \u00e4r fantastiskt bra, s\u00e4ger Lillen Petersson, trogen kund hos Ahlbergs Bil.<\/figcaption><\/figure>\n\n\n\n<p>Ahlberg Bil \u00e4r ett privat\u00e4gt f\u00f6retag som ut\u00f6ver Karlskrona finns i Karlshamn, S\u00f6lvesborg, Olofstr\u00f6m och Ljungby. H\u00e4r s\u00e4ljs nya s\u00e5v\u00e4l som begagnade bilar och alla verkst\u00e4derna \u00e4r auktoriserade f\u00f6r Volvo. F\u00f6retaget startade 1994 men har genom tidigare \u00e4gare erbjudit Volvo sedan 1950-talet.<\/p>\n\n\n\n<p><a href=\"https:\/\/www.ahlbergbil.se\/kontakta-oss-och-oppettider\/fredrik-huselius-foretagssaljare\">Fredrik Huselius&nbsp;<\/a>\u00e4r s\u00e4ljare i Karlskrona sedan 17 \u00e5r tillbaka:<\/p>\n\n\n\n<p>\u2013 H\u00e4r hos oss l\u00f6ser du allt. Du k\u00f6per bilen h\u00e4r, servar, reparerar och tankar. F\u00f6rdelen med oss \u00e4r den personliga relationen, n\u00e4rheten till s\u00e4ljare och servicetekniker och att du f\u00e5r snabb hj\u00e4lp och support, s\u00e4ger han.<\/p>\n\n\n<div class=\"wp-block-nativblock-qoute\">\n  <div class=\"qoute-wrapper\">\n    <h2>\u201dV\u00e5rt uppdrag \u00e4r att hj\u00e4lpa kunden att spara pengar och tid.\u201d<\/h2>\n  <\/div>\n<\/div>\n\n\n<p>F\u00f6r hos Ahlberg bil finns ingen traditionell kundmottagning. H\u00e4r tr\u00e4ffar du din s\u00e4ljare direkt och du har \u00e4ven din personliga servicetekniker, som du l\u00e4mnar bilen till n\u00e4r den ska servas, och \u00e4ven h\u00e4mtar hos.<\/p>\n\n\n\n<p>\u2013 V\u00e5r personal stannar kvar hos oss i m\u00e5nga \u00e5r. Det g\u00f6r att vi l\u00e4r k\u00e4nna v\u00e5ra kunder och blir ett trevligt g\u00e4ng med familj\u00e4r st\u00e4mning, s\u00e4ger Fredrik.<\/p>\n\n\n\n<p>Ahlberg bil har ocks\u00e5 rekonditionering i huset, vilket kan vara praktiskt att boka n\u00e4r bilen \u00e4nd\u00e5 \u00e4r inne p\u00e5 service, p\u00e5pekar han.<\/p>\n\n\n\n<p>\u2013 Den kommer ut efter servicen och k\u00e4nns som ny igen.<\/p>\n\n\n\n<p>Fredrik och hans kollegor erbjuder alla former av Volvobilar, fr\u00e5n sm\u00e5, som nya EX30 till stora, som XC90. Varum\u00e4rket t\u00e4cker alla behov och har ett brett utbud av elbilar.<\/p>\n\n\n\n<p>\u2013 Vi skr\u00e4ddarsyr en l\u00f6sning f\u00f6r varje kunds behov. B\u00e5de n\u00e4r det g\u00e4ller vilken bil man ska ha och hur \u00e4gandet ska se ut, om du ska \u00e4ga den sj\u00e4lv, ha bill\u00e5n, eller leasa. Det \u00e4r s\u00e4llan kunden sj\u00e4lv har t\u00e4nkt p\u00e5 det och v\u00e5rt uppdrag \u00e4r att hj\u00e4lpa kunden att spara pengar och tid. Och det \u00e4r det som g\u00f6r att vi lyckas, vi g\u00f6r det b\u00e4sta f\u00f6r kunden.<\/p>\n\n\n\n<p><a href=\"https:\/\/www.ahlbergbil.se\/\">L\u00e4s mer om Ahlberg Bil h\u00e4r<\/a><\/p>\n\n\n<div class=\"wp-block-nativblock-fakta\">\n  <div class=\"facts-content\">\n  \n\n<h3 class=\"wp-block-heading\">Skr\u00e4ddarsyr ditt bil\u00e4gande<\/h3>\n\n\n\n<p>Ahlberg Bil har Volvomodeller f\u00f6r alla behov. D\u00e4r hittar du nytt s\u00e5v\u00e4l som begagnat och du f\u00e5r hj\u00e4lp att hitta r\u00e4tt ekonomisk l\u00f6sning. \u00c4ga sj\u00e4lv eller leasa \u2013 kom in och prata med en s\u00e4ljare s\u00e5 skr\u00e4ddarsyr de ditt \u00e4gande.<\/p>\n\n\n\n<p><a href=\"https:\/\/www.ahlbergbil.se\/erbjudanden\">L\u00e4s mer om Ahlberg Bils erbjudanden h\u00e4r.<\/a><\/p>\n\n  <\/div>\n<\/div>\n\n<div class=\"wp-block-nativblock-fakta\">\n  <div class=\"facts-content\">\n  \n\n<h3 class=\"wp-block-heading\">Ahlberg Bil<\/h3>\n\n\n\n<p>Ahlberg Bil har drygt 130 anst\u00e4llda och finns i Karlshamn, Karlskrona, Ljungby, Olofstr\u00f6m och S\u00f6lvesborg. Familjef\u00f6retaget grundades 1994 men har genom tidigare \u00e4gare representerat Volvo sedan 1950-talet. Ahlberg Bil \u00e4r auktoriserad \u00e5terf\u00f6rs\u00e4ljare f\u00f6r Volvo och s\u00e4ljer \u00e4ven begagnade bilar.<\/p>\n\n  <\/div>\n<\/div>\n\n<div class=\"wp-block-nativblock-relevantarticals\">\n  <h2>L\u00e4s fler artiklar<\/h2>\n  <div class=\"articals_wrapper\">\n          <div class=\"feature_articals\">\n        <div class=\"feature_articals_img_wrapper\">\n          <img decoding=\"async\" src=\"https:\/\/kampanjer.gotamedia.se\/wp-content\/uploads\/2024\/01\/Ahlberg1.jpeg\" alt=\"\"\/>\n        <\/div>\n        <div class=\"feature_articals_content\">\n          <h3>Ahlberg Bil lanserar nytt prisv\u00e4rt elbilsm\u00e4rke i Blekinge<\/h3>\n          <p>Det h\u00e4nder mycket p\u00e5 elbilsfronten just nu. Ahlberg Bil \u00e4r inget undantag. Den familje\u00e4gda bilkoncernen \u00e4r en stark bilakt\u00f6r i Blekinge och nu lanserar man nya m\u00e4rket Maxus och deras helelektriska transportbilar. Ahlberg Bil i Karlshamn, Karlskrona, Ljungby, Olofstr\u00f6m och S\u00f6lvesborg har l\u00e4nge varit synonymt med Volvo med fokus p\u00e5 personbilar. Men man har saknat [&hellip;]<\/p>\n          <a href=\"https:\/\/kampanjer.gotamedia.se\/ahlberg-bil\/ahlberg-bil-lanserar-nytt-prisvart-elbilsmarke-i-blekinge\/\" class=\"feature_articals_link\">L\u00e4s mer h\u00e4r<\/a>\n        <\/div>\n      <\/div>\n          <div class=\"feature_articals\">\n        <div class=\"feature_articals_img_wrapper\">\n          <img decoding=\"async\" src=\"https:\/\/kampanjer.gotamedia.se\/wp-content\/uploads\/2024\/01\/Ahlber-4-1.jpeg\" alt=\"\"\/>\n        <\/div>\n        <div class=\"feature_articals_content\">\n          <h3>Hos Ahlberg Bil f\u00e5r du billig m\u00e4rkesservice extra allt<\/h3>\n          <p>Det kostar skjortan att serva bilen p\u00e5 en m\u00e4rkesverkstad. Det tror m\u00e5nga. Men \u00e4r du lycklig \u00e4gare till en Volvo, som \u00e4r sex \u00e5r gammal eller mer, \u00e4r det precis tv\u00e4rtom. Hos Ahlberg Bil \u00e4r priserna f\u00f6r service av \u00e4ldre bilar pressade utan att verkstaden tummar p\u00e5 kvaliteten. Serviceuppl\u00e4gget f\u00f6r Volvobilar som \u00e4r \u00e4ldre \u00e4n [&hellip;]<\/p>\n          <a href=\"https:\/\/kampanjer.gotamedia.se\/ahlberg-bil\/hos-ahlberg-bil-far-du-billig-markesservice-extra-allt\/\" class=\"feature_articals_link\">L\u00e4s mer h\u00e4r<\/a>\n        <\/div>\n      <\/div>\n          <div class=\"feature_articals\">\n        <div class=\"feature_articals_img_wrapper\">\n          <img decoding=\"async\" src=\"https:\/\/kampanjer.gotamedia.se\/wp-content\/uploads\/2024\/01\/ahlberg-bil-2-2.jpeg\" alt=\"\"\/>\n        <\/div>\n        <div class=\"feature_articals_content\">\n          <h3>Tryggt och s\u00e4kert hos Ahlberg Bil: K\u00f6pl\u00e4ge f\u00f6r begagnade bilar i sommar<\/h3>\n          <p>Nu \u00e4r det k\u00f6pl\u00e4ge f\u00f6r dig som letar efter en riktigt bra begagnad bil. Priserna har d\u00e4mpats och det finns gott om bilar i nyskick hos Blekinges st\u00f6rsta bilhandlare \u2013 Ahlberg Bil. \u2013 Priserna ligger p\u00e5 en rimligare niv\u00e5 \u00e4n f\u00f6rra sommaren d\u00e5 pandemin fortfarande m\u00e4rktes. Vi har ett stort utbud av begagnade bilar, s\u00e4ger [&hellip;]<\/p>\n          <a href=\"https:\/\/kampanjer.gotamedia.se\/ahlberg-bil\/tryggt-och-sakert-hos-ahlberg-bil-koplage-for-begagnade-bilar-i-sommar\/\" class=\"feature_articals_link\">L\u00e4s mer h\u00e4r<\/a>\n        <\/div>\n      <\/div>\n          <div class=\"feature_articals\">\n        <div class=\"feature_articals_img_wrapper\">\n          <img decoding=\"async\" src=\"https:\/\/kampanjer.gotamedia.se\/wp-content\/uploads\/2024\/01\/Ahlberg-bil-3-1.jpeg\" alt=\"\"\/>\n        <\/div>\n        <div class=\"feature_articals_content\">\n          <h3>S\u00e5 minimerar bilfirman CO2-avtrycket: \u201dV\u00e5ra kunder kan vara trygga med att vi tar milj\u00f6arbetet p\u00e5 allvar\u201d<\/h3>\n          <p>Milj\u00f6m\u00e5len \u00e4r tydliga och ambitionsniv\u00e5n h\u00f6g. F\u00f6r en av Blekinges st\u00f6rsta bilkoncerner handlar det om att bli s\u00e5 klimatneutral som m\u00f6jligt. Minimera koldioxidavtrycket, steg f\u00f6r steg, och att g\u00f6ra skillnad p\u00e5 riktigt. Ahlberg Bil erbjuder sina kunder milj\u00f6bilar med den senaste tekniken fr\u00e5n Volvo. Nyligen lanserade man nya elbilsm\u00e4rket Maxus. Men det viktigaste \u00e4r att [&hellip;]<\/p>\n          <a href=\"https:\/\/kampanjer.gotamedia.se\/ahlberg-bil\/sa-minimerar-bilfirman-co2-avtrycket-vara-kunder-kan-vara-trygga-med-att-vi-tar-miljoarbetet-pa-allvar\/\" class=\"feature_articals_link\">L\u00e4s mer h\u00e4r<\/a>\n        <\/div>\n      <\/div>\n      <\/div>\n<\/div>","protected":false},"excerpt":{"rendered":"<p>N\u00e4r Stig \u201dLillen\u201d Petersson f\u00f6r 30 \u00e5r sedan klev in hos Volvohandlaren i Karlskrona fick han l\u00e5na en bil. Alltsedan dess \u00e4r han kund hos Ahlberg Bil.\u2013 Styrkan \u00e4r att det alltid \u00e4r samma s\u00e4ljare och servicetekniker man m\u00f6ter. Det ger en trygghet. Han har drivit en av de st\u00f6rre sportbutikerna i Karlskrona i 40 [&hellip;]<\/p>\n","protected":false},"author":4,"featured_media":85,"parent":62,"menu_order":0,"comment_status":"closed","ping_status":"closed","template":"","meta":{"_monsterinsights_skip_tracking":false,"_monsterinsights_sitenote_active":false,"_monsterinsights_sitenote_note":"","_monsterinsights_sitenote_category":0,"footnotes":""},"class_list":["post-83","page","type-page","status-publish","has-post-thumbnail","hentry"],"acf":[],"_links":{"self":[{"href":"https:\/\/kampanjer.gotamedia.se\/index.php\/wp-json\/wp\/v2\/pages\/83","targetHints":{"allow":["GET"]}}],"collection":[{"href":"https:\/\/kampanjer.gotamedia.se\/index.php\/wp-json\/wp\/v2\/pages"}],"about":[{"href":"https:\/\/kampanjer.gotamedia.se\/index.php\/wp-json\/wp\/v2\/types\/page"}],"author":[{"embeddable":true,"href":"https:\/\/kampanjer.gotamedia.se\/index.php\/wp-json\/wp\/v2\/users\/4"}],"replies":[{"embeddable":true,"href":"https:\/\/kampanjer.gotamedia.se\/index.php\/wp-json\/wp\/v2\/comments?post=83"}],"version-history":[{"count":0,"href":"https:\/\/kampanjer.gotamedia.se\/index.php\/wp-json\/wp\/v2\/pages\/83\/revisions"}],"up":[{"embeddable":true,"href":"https:\/\/kampanjer.gotamedia.se\/index.php\/wp-json\/wp\/v2\/pages\/62"}],"wp:featuredmedia":[{"embeddable":true,"href":"https:\/\/kampanjer.gotamedia.se\/index.php\/wp-json\/wp\/v2\/media\/85"}],"wp:attachment":[{"href":"https:\/\/kampanjer.gotamedia.se\/index.php\/wp-json\/wp\/v2\/media?parent=83"}],"curies":[{"name":"wp","href":"https:\/\/api.w.org\/{rel}","templated":true}]}}