{"id":69,"date":"2024-01-12T15:11:47","date_gmt":"2024-01-12T15:11:47","guid":{"rendered":"https:\/\/kampanjer.gotamedia.se\/?page_id=69"},"modified":"2024-01-12T15:14:51","modified_gmt":"2024-01-12T15:14:51","slug":"tryggt-och-sakert-hos-ahlberg-bil-koplage-for-begagnade-bilar-i-sommar","status":"publish","type":"page","link":"https:\/\/kampanjer.gotamedia.se\/ahlberg-bil\/tryggt-och-sakert-hos-ahlberg-bil-koplage-for-begagnade-bilar-i-sommar\/","title":{"rendered":"Tryggt och s\u00e4kert hos Ahlberg Bil: K\u00f6pl\u00e4ge f\u00f6r begagnade bilar i sommar"},"content":{"rendered":"\n<p><strong>Nu \u00e4r det k\u00f6pl\u00e4ge f\u00f6r dig som letar efter en riktigt bra begagnad bil. Priserna har d\u00e4mpats och det finns gott om bilar i nyskick hos Blekinges st\u00f6rsta bilhandlare \u2013 Ahlberg Bil.<\/strong><\/p>\n\n\n\t\t\t<figure class=\"background wp-block-image size-large\">\n\t\t\t\t<div>\n\t\t\t\t\t<img loading=\"lazy\" decoding=\"async\" width=\"980\" height=\"654\" style=\"object-position:74% 39% !important\" class=\"background__image wp-image-70\" src=\"https:\/\/kampanjer.gotamedia.se\/wp-content\/uploads\/2024\/01\/Ahlberg-bil-2-1-980x654.jpeg\" alt=\"\" srcset=\"https:\/\/kampanjer.gotamedia.se\/wp-content\/uploads\/2024\/01\/Ahlberg-bil-2-1-980x654.jpeg 980w, https:\/\/kampanjer.gotamedia.se\/wp-content\/uploads\/2024\/01\/Ahlberg-bil-2-1-490x327.jpeg 490w, https:\/\/kampanjer.gotamedia.se\/wp-content\/uploads\/2024\/01\/Ahlberg-bil-2-1-768x512.jpeg 768w, https:\/\/kampanjer.gotamedia.se\/wp-content\/uploads\/2024\/01\/Ahlberg-bil-2-1-1536x1024.jpeg 1536w, https:\/\/kampanjer.gotamedia.se\/wp-content\/uploads\/2024\/01\/Ahlberg-bil-2-1.jpeg 1600w\" sizes=\"auto, (max-width: 980px) 100vw, 980px\" \/>\n\t\t\t\t<\/div>\n\t\t\t\t<figcaption class=\"wp-element-caption\">Det finns gott om begagnade bilar i nyskick hos Ahlberg Bil just nu. Foto:&nbsp;Mickael Tannus<\/figcaption>\t\t\t<\/figure>\n\n\n\n<p>\u2013 Priserna ligger p\u00e5 en rimligare niv\u00e5 \u00e4n f\u00f6rra sommaren d\u00e5 pandemin fortfarande m\u00e4rktes. Vi har ett stort utbud av begagnade bilar, s\u00e4ger Hannes Andersson, s\u00e4ljare.<\/p>\n\n\n\n<p>Ahlberg Bil, som finns p\u00e5 flera orter i Blekinge och i Ljungby, har alltid ett j\u00e4mnt fl\u00f6de begagnade bilar och de flesta \u00e4r tidigare tj\u00e4nstebilar som kommer direkt fr\u00e5n Volvofabriken i Olofstr\u00f6m.<\/p>\n\n\n\n<p>\u2013 Alla v\u00e5ra begagnade bilar \u00e4r v\u00e4l genomg\u00e5ngna, och det f\u00f6ljer alltid med en varudeklaration.&nbsp;<a href=\"https:\/\/www.ahlbergbil.se\/bilar\/begagnade-bilar\/volvo-selekt\">Volvo Selekt&nbsp;<\/a>d\u00e4remot \u00e4r utav oss noga utvalda begagnade Volvobilar med nybilsk\u00e4nsla och en f\u00f6rl\u00e4ngd garanti som g\u00e4ller i 24 m\u00e5nader eller 3 000 mil, beroende p\u00e5 det som intr\u00e4ffar f\u00f6rst, s\u00e4ger Hannes Andersson.<\/p>\n\n\n\n<p>\u2013 Att k\u00f6pa en bil som \u00e4r certifierad som Volvo Selekt ger dig en extra trygghet, s\u00e4rskilt n\u00e4r du v\u00e4ljer till&nbsp;<a href=\"https:\/\/www.ahlbergbil.se\/bilar\/begagnade-bilar\/begagnatboxen\">BegagnatBoxen,<\/a>&nbsp;d\u00e4r bland annat finansiering, serviceavtal och just nu 12 m\u00e5naders fri f\u00f6rs\u00e4kring ing\u00e5r.<\/p>\n\n\n\n<figure class=\"wp-block-image size-large\"><img loading=\"lazy\" decoding=\"async\" width=\"980\" height=\"653\" src=\"https:\/\/kampanjer.gotamedia.se\/wp-content\/uploads\/2024\/01\/ahlberg-bil-2-2-980x653.jpeg\" alt=\"\" class=\"wp-image-71\" srcset=\"https:\/\/kampanjer.gotamedia.se\/wp-content\/uploads\/2024\/01\/ahlberg-bil-2-2-980x653.jpeg 980w, https:\/\/kampanjer.gotamedia.se\/wp-content\/uploads\/2024\/01\/ahlberg-bil-2-2-490x326.jpeg 490w, https:\/\/kampanjer.gotamedia.se\/wp-content\/uploads\/2024\/01\/ahlberg-bil-2-2-768x512.jpeg 768w, https:\/\/kampanjer.gotamedia.se\/wp-content\/uploads\/2024\/01\/ahlberg-bil-2-2-1536x1023.jpeg 1536w, https:\/\/kampanjer.gotamedia.se\/wp-content\/uploads\/2024\/01\/ahlberg-bil-2-2.jpeg 1600w\" sizes=\"auto, (max-width: 980px) 100vw, 980px\" \/><figcaption class=\"wp-element-caption\">\u2013 Vi hj\u00e4lper dig att hitta r\u00e4tt bil efter dina behov och till en m\u00e5nadskostnad som passar din pl\u00e5nbok, s\u00e4ger Hannes Andersson p\u00e5 Ahlberg Bil.<\/figcaption><\/figure>\n\n\n<div class=\"wp-block-nativblock-qoute\">\n  <div class=\"qoute-wrapper\">\n    <h2>\u201dKundens behov st\u00e5r alltid i fokus hos oss\u201d<\/h2>\n  <\/div>\n<\/div>\n\n\n<p>Begagnadbilboomen fr\u00e5n pandemin har kommit f\u00f6r att stanna. Och det \u00e4r under v\u00e5r och sommar som privatmarknaden \u00e4r som hetast. Men de h\u00f6ga drivmedelspriserna och den slopade elbilsbonusen g\u00f6r m\u00e5nga bilspekulanter r\u00e5dvilla idag \u2013 oavsett om de ska k\u00f6pa fabriksny bil eller en begagnad. S\u00e5 hur ska man t\u00e4nka i dagens l\u00e4ge?<\/p>\n\n\n\n<p>\u2013 Det finns inget som \u00e4r r\u00e4tt eller fel just nu. Det beror p\u00e5 hur mycket och hur l\u00e5ngt du k\u00f6r, s\u00e4ger Hannes.<\/p>\n\n\n\n<p>Ren el, hybrid, bensin eller diesel? Det \u00e4r alltid kundens behov som st\u00e5r i fokus hos Ahlberg Bil. S\u00e4ljare och kund diskuterar tillsammans och drivmedelsl\u00f6sningen anpassas d\u00e4refter.<\/p>\n\n\n\n<p>\u2013 Vi hj\u00e4lper dig att hitta r\u00e4tt bil efter dina behov och till en m\u00e5nadskostnad som passar din pl\u00e5nbok. Men det ska ocks\u00e5 vara en bil som fungerar i vardagen.<\/p>\n\n\n\n<figure class=\"wp-block-image size-large\"><img loading=\"lazy\" decoding=\"async\" width=\"980\" height=\"652\" src=\"https:\/\/kampanjer.gotamedia.se\/wp-content\/uploads\/2024\/01\/Ahlberg-bil-2-3-980x652.jpeg\" alt=\"\" class=\"wp-image-72\" srcset=\"https:\/\/kampanjer.gotamedia.se\/wp-content\/uploads\/2024\/01\/Ahlberg-bil-2-3-980x652.jpeg 980w, https:\/\/kampanjer.gotamedia.se\/wp-content\/uploads\/2024\/01\/Ahlberg-bil-2-3-490x326.jpeg 490w, https:\/\/kampanjer.gotamedia.se\/wp-content\/uploads\/2024\/01\/Ahlberg-bil-2-3-768x511.jpeg 768w, https:\/\/kampanjer.gotamedia.se\/wp-content\/uploads\/2024\/01\/Ahlberg-bil-2-3-1536x1022.jpeg 1536w, https:\/\/kampanjer.gotamedia.se\/wp-content\/uploads\/2024\/01\/Ahlberg-bil-2-3.jpeg 1600w\" sizes=\"auto, (max-width: 980px) 100vw, 980px\" \/><figcaption class=\"wp-element-caption\">Nu \u00e4r det k\u00f6pl\u00e4ge f\u00f6r dig som letar efter en riktigt bra begagnad bil. Hos Blekinges st\u00f6rsta bilhandlare Ahlberg Bil \u00e4r det tryggt och s\u00e4kert.<\/figcaption><\/figure>\n\n\n\n<p><a href=\"https:\/\/www.ahlbergbil.se\/sok?qf=bWlsZWFnZS5taW49Mg%3D%3D\">H\u00e4r hittar du Ahlberg Bils begagnade bilar.<\/a><\/p>\n\n\n<div class=\"wp-block-nativblock-qoute\">\n  <div class=\"qoute-wrapper\">\n    <h2>\u201dAtt s\u00e4lja en bil \u00e4r som att g\u00f6ra m\u00e5l\u201d<\/h2>\n  <\/div>\n<\/div>\n\n\n<p>Hannes ber\u00e4ttar att kunderna \u00e4r trogna och \u00e5terkommande. Ahlberg Bil \u00e4r lika med ett tryggt och s\u00e4kert bilk\u00f6p, hela v\u00e4gen fr\u00e5n f\u00f6rsta kontakt till leverans och uppf\u00f6ljning.<\/p>\n\n\n\n<p>\u2013 De flesta kunder \u00e4r lokala men vi har kunder som \u00e5ker fr\u00e5n hela landet. S\u00e4rskilt de som letar efter en specifik modell. Det finns m\u00f6jlighet att teckna ett rikst\u00e4ckande serviceavtal.<\/p>\n\n\n\n<p>Hannes som hunnit fylla 28 \u00e5r \u00e4r inte bara tredje generationens medarbetare hos Ahlberg Bil med en morfar som var servicemarknadschef i 40 \u00e5r och en mamma som \u00e4r leveransadministrat\u00f6r, utan han har \u00e4ven en framg\u00e5ngsrik fotbollskarri\u00e4r i bland annat Mj\u00e4llby bakom sig.<\/p>\n\n\n\n<p>Fotbollsskorna har han lagt p\u00e5 hyllan men det finns likheter mellan idrottsv\u00e4rlden och bilbranschen, menar han.<\/p>\n\n\n\n<p>\u2013 Att s\u00e4lja en bil \u00e4r som att g\u00f6ra m\u00e5l. Vi \u00e4r ett helt team som arbetar f\u00f6r att kunderna ska bli riktigt n\u00f6jda. Det \u00e4r familj\u00e4rt h\u00e4r och vi v\u00e4ldigt kul ihop.<\/p>\n\n\n<div class=\"wp-block-nativblock-fakta\">\n  <div class=\"facts-content\">\n  \n\n<h3 class=\"wp-block-heading\">S\u00e5 k\u00f6per du bil hos Ahlberg Bil<\/h3>\n\n\n\n<p><strong>Nybilsskick med Volvo Selekt<\/strong><\/p>\n\n\n\n<p>En Volvo Selekt-bil \u00e4r yngre \u00e4n fem \u00e5r och har genomg\u00e5tt omfattande kontroller enligt Volvo Begagnad Standard. Bilen f\u00e5r inte ha g\u00e5tt mer \u00e4n 10 000 mil.&nbsp;<a href=\"https:\/\/www.ahlbergbil.se\/bilar\/begagnade-bilar\/volvo-selekt\">L\u00e4s mer om Volvo Selekt h\u00e4r.<\/a><\/p>\n\n\n\n<p><strong>F\u00f6rm\u00e5ner med BegagnatBoxen<\/strong><\/p>\n\n\n\n<p>H\u00e4r ing\u00e5r en m\u00e4ngd tj\u00e4nster som f\u00f6rs\u00e4kring, finansiering, garanti och serviceavtal med f\u00f6rm\u00e5nliga rabatter.&nbsp;<a href=\"https:\/\/www.ahlbergbil.se\/bilar\/begagnade-bilar\/begagnatboxen\">L\u00e4s mer om BegagnatBoxen h\u00e4r.<\/a><\/p>\n\n\n\n<p><strong>Leasing utan kontantinsats<\/strong><\/p>\n\n\n\n<p>Privatleasing \u00e4r ett bekymmersfritt bil\u00e4gande med avtal p\u00e5 24 eller 36 m\u00e5nader och en \u00e5rlig k\u00f6rstr\u00e4cka fr\u00e5n 1 000 till 3 000 mil. Du slipper kontantinsatsen och n\u00e4r avtalstiden l\u00f6pt ut l\u00e4mnar du tillbaka bilen och kan enkelt privatleasa en ny bil igen.&nbsp;<a href=\"https:\/\/www.ahlbergbil.se\/bilar\/begagnade-bilar\/begagnat-leasing\">L\u00e4s mer om Begagnat Leasing h\u00e4r.<\/a><\/p>\n\n\n\n<p><strong>Gener\u00f6s garanti<\/strong><\/p>\n\n\n\n<p>N\u00e4r du k\u00f6per en begagnad bil hos Ahlberg Bil ing\u00e5r en av marknadens mest gener\u00f6sa garantier upp till 24 m\u00e5nader.&nbsp;<a href=\"https:\/\/www.ahlbergbil.se\/bilar\/begagnade-bilar\/begagnatgaranti\">L\u00e4s mer om Begagnatgaranti h\u00e4r.<\/a><\/p>\n\n  <\/div>\n<\/div>\n\n<div class=\"wp-block-nativblock-fakta\">\n  <div class=\"facts-content\">\n  \n\n<h3 class=\"wp-block-heading\">Om Ahlberg Bil<\/h3>\n\n\n\n<p>Ahlberg Bil har drygt 130 anst\u00e4llda och finns i&nbsp;<a href=\"https:\/\/www.ahlbergbil.se\/kontakta-oss-och-oppettider\/karlshamn\">Karlshamn<\/a>,&nbsp;<a href=\"https:\/\/www.ahlbergbil.se\/kontakta-oss-och-oppettider\/karlskrona\">Karlskrona<\/a>,&nbsp;<a href=\"https:\/\/www.ahlbergbil.se\/kontakta-oss-och-oppettider\/ljungby\">Ljungby<\/a>,&nbsp;<a href=\"https:\/\/www.ahlbergbil.se\/kontakta-oss-och-oppettider\/olofstrom\">Olofstr\u00f6m&nbsp;<\/a>och&nbsp;<a href=\"https:\/\/www.ahlbergbil.se\/kontakta-oss-och-oppettider\/solvesborg\">S\u00f6lvesborg<\/a>. Familjef\u00f6retaget grundades 1994 men har genom tidigare \u00e4gare representerat Volvo sedan 1950-talet. Ahlberg Bil \u00e4r auktoriserad \u00e5terf\u00f6rs\u00e4ljare f\u00f6r Volvo och 100 procent elektriska Maxus och s\u00e4ljer \u00e4ven begagnade bilar.<\/p>\n\n  <\/div>\n<\/div>\n\n<div class=\"wp-block-nativblock-relevantarticals\">\n  <h2>L\u00e4s mer artiklar<\/h2>\n  <div class=\"articals_wrapper\">\n          <div class=\"feature_articals\">\n        <div class=\"feature_articals_img_wrapper\">\n          <img decoding=\"async\" src=\"https:\/\/kampanjer.gotamedia.se\/wp-content\/uploads\/2024\/01\/Ahlberg1.jpeg\" alt=\"\"\/>\n        <\/div>\n        <div class=\"feature_articals_content\">\n          <h3>Ahlberg Bil lanserar nytt prisv\u00e4rt elbilsm\u00e4rke i Blekinge<\/h3>\n          <p>Det h\u00e4nder mycket p\u00e5 elbilsfronten just nu. Ahlberg Bil \u00e4r inget undantag. Den familje\u00e4gda bilkoncernen \u00e4r en stark bilakt\u00f6r i Blekinge och nu lanserar man nya m\u00e4rket Maxus och deras helelektriska transportbilar. Ahlberg Bil i Karlshamn, Karlskrona, Ljungby, Olofstr\u00f6m och S\u00f6lvesborg har l\u00e4nge varit synonymt med Volvo med fokus p\u00e5 personbilar. Men man har saknat [&hellip;]<\/p>\n          <a href=\"https:\/\/kampanjer.gotamedia.se\/ahlberg-bil\/ahlberg-bil-lanserar-nytt-prisvart-elbilsmarke-i-blekinge\/\" class=\"feature_articals_link\">L\u00e4s mer h\u00e4r<\/a>\n        <\/div>\n      <\/div>\n      <\/div>\n<\/div>","protected":false},"excerpt":{"rendered":"<p>Nu \u00e4r det k\u00f6pl\u00e4ge f\u00f6r dig som letar efter en riktigt bra begagnad bil. Priserna har d\u00e4mpats och det finns gott om bilar i nyskick hos Blekinges st\u00f6rsta bilhandlare \u2013 Ahlberg Bil. \u2013 Priserna ligger p\u00e5 en rimligare niv\u00e5 \u00e4n f\u00f6rra sommaren d\u00e5 pandemin fortfarande m\u00e4rktes. Vi har ett stort utbud av begagnade bilar, s\u00e4ger [&hellip;]<\/p>\n","protected":false},"author":4,"featured_media":71,"parent":62,"menu_order":0,"comment_status":"closed","ping_status":"closed","template":"","meta":{"_monsterinsights_skip_tracking":false,"_monsterinsights_sitenote_active":false,"_monsterinsights_sitenote_note":"","_monsterinsights_sitenote_category":0,"footnotes":""},"class_list":["post-69","page","type-page","status-publish","has-post-thumbnail","hentry"],"acf":[],"_links":{"self":[{"href":"https:\/\/kampanjer.gotamedia.se\/index.php\/wp-json\/wp\/v2\/pages\/69","targetHints":{"allow":["GET"]}}],"collection":[{"href":"https:\/\/kampanjer.gotamedia.se\/index.php\/wp-json\/wp\/v2\/pages"}],"about":[{"href":"https:\/\/kampanjer.gotamedia.se\/index.php\/wp-json\/wp\/v2\/types\/page"}],"author":[{"embeddable":true,"href":"https:\/\/kampanjer.gotamedia.se\/index.php\/wp-json\/wp\/v2\/users\/4"}],"replies":[{"embeddable":true,"href":"https:\/\/kampanjer.gotamedia.se\/index.php\/wp-json\/wp\/v2\/comments?post=69"}],"version-history":[{"count":0,"href":"https:\/\/kampanjer.gotamedia.se\/index.php\/wp-json\/wp\/v2\/pages\/69\/revisions"}],"up":[{"embeddable":true,"href":"https:\/\/kampanjer.gotamedia.se\/index.php\/wp-json\/wp\/v2\/pages\/62"}],"wp:featuredmedia":[{"embeddable":true,"href":"https:\/\/kampanjer.gotamedia.se\/index.php\/wp-json\/wp\/v2\/media\/71"}],"wp:attachment":[{"href":"https:\/\/kampanjer.gotamedia.se\/index.php\/wp-json\/wp\/v2\/media?parent=69"}],"curies":[{"name":"wp","href":"https:\/\/api.w.org\/{rel}","templated":true}]}}