{"id":63,"date":"2024-01-09T13:12:09","date_gmt":"2024-01-09T13:12:09","guid":{"rendered":"https:\/\/kampanjer.gotamedia.se\/?page_id=63"},"modified":"2024-01-12T15:07:46","modified_gmt":"2024-01-12T15:07:46","slug":"ahlberg-bil-lanserar-nytt-prisvart-elbilsmarke-i-blekinge","status":"publish","type":"page","link":"https:\/\/kampanjer.gotamedia.se\/ahlberg-bil\/ahlberg-bil-lanserar-nytt-prisvart-elbilsmarke-i-blekinge\/","title":{"rendered":"Ahlberg Bil lanserar nytt prisv\u00e4rt elbilsm\u00e4rke i Blekinge"},"content":{"rendered":"\n<p><strong>Det h\u00e4nder mycket p\u00e5 elbilsfronten just nu. Ahlberg Bil \u00e4r inget undantag. Den familje\u00e4gda bilkoncernen \u00e4r en stark bilakt\u00f6r i Blekinge och nu lanserar man nya m\u00e4rket Maxus och deras helelektriska transportbilar.<\/strong><\/p>\n\n\n\n<figure class=\"wp-block-image size-large\"><img loading=\"lazy\" decoding=\"async\" width=\"980\" height=\"735\" src=\"https:\/\/kampanjer.gotamedia.se\/wp-content\/uploads\/2024\/01\/Ahlberg1-980x735.jpeg\" alt=\"\" class=\"wp-image-64\" srcset=\"https:\/\/kampanjer.gotamedia.se\/wp-content\/uploads\/2024\/01\/Ahlberg1-980x735.jpeg 980w, https:\/\/kampanjer.gotamedia.se\/wp-content\/uploads\/2024\/01\/Ahlberg1-490x368.jpeg 490w, https:\/\/kampanjer.gotamedia.se\/wp-content\/uploads\/2024\/01\/Ahlberg1-768x576.jpeg 768w, https:\/\/kampanjer.gotamedia.se\/wp-content\/uploads\/2024\/01\/Ahlberg1-1536x1152.jpeg 1536w, https:\/\/kampanjer.gotamedia.se\/wp-content\/uploads\/2024\/01\/Ahlberg1.jpeg 1600w\" sizes=\"auto, (max-width: 980px) 100vw, 980px\" \/><figcaption class=\"wp-element-caption\">\u2013 Du slipper ladd\u00e5ngesten. Maxus h\u00e5ller vad de lovar i r\u00e4ckvidd \u00e4ven n\u00e4r bilen \u00e4r tungt lastad, s\u00e4ger Johan Hedman, m\u00e4rkesansvarig f\u00f6r Maxus hos Ahlberg Bil.<\/figcaption><\/figure>\n\n\n\n<p>Ahlberg Bil i Karlshamn, Karlskrona, Ljungby, Olofstr\u00f6m och S\u00f6lvesborg har l\u00e4nge varit synonymt med Volvo med fokus p\u00e5 personbilar. Men man har saknat transportbilar som g\u00e5r p\u00e5 el. N\u00e5got som kinesiska Maxus \u00e4r erk\u00e4nt duktiga p\u00e5, ber\u00e4ttar Johan Hedman, m\u00e4rkesansvarig f\u00f6r Maxus hos Ahlberg Bil.<\/p>\n\n\n\n<p>\u2013 Efterfr\u00e5gan av elektriska bilar \u00f6kar s\u00e5 vi k\u00e4nner att det ligger helt r\u00e4tt i tiden att g\u00f6ra denna satsning. Maxus k\u00f6rs bland annat av norska posten och har visat sig fungera riktigt bra i v\u00e5rt nordiska klimat.<\/p>\n\n\n\n<p>H\u00f6g kvalitet till attraktiva priser \u00e4r Maxus signum. Bilarna \u00e4r inte ombyggda diesel- eller bensinfordon utan de \u00e4r bygga fr\u00e5n grunden f\u00f6r eldrift. Man har sparat hela 200 kilo p\u00e5 konstruktion vilket ger h\u00f6g nyttolast.<\/p>\n\n\n<div class=\"wp-block-nativblock-qoute\">\n  <div class=\"qoute-wrapper\">\n    <h2>\u201dVi \u00e4r glada \u00f6ver att \u00e5ter erbjuda transportbilar till attraktiva priser\u201d<\/h2>\n  <\/div>\n<\/div>\n\n\n<p>Men det b\u00e4sta \u00e4r att man till skillnad fr\u00e5n andra eldrivna transportbilm\u00e4rken h\u00e5ller den utlovade r\u00e4ckvidden, menar Johan.<\/p>\n\n\n\n<p>\u2013 Du slipper ladd\u00e5ngesten med Maxus. De h\u00e5ller vad de lovar i r\u00e4ckvidd \u00e4ven n\u00e4r bilen \u00e4r tungt lastad.<\/p>\n\n\n\n<p>P\u00e5 plussidan ligger \u00e4ven gener\u00f6s utrustning och stor dragvikt. N\u00e4r konkurrenterna m\u00e4ktar med max 600 kilo klarar Maxus e-Deliver dragvikt p\u00e5 drygt ett ton, utan att tappa i r\u00e4ckvidd.<\/p>\n\n\n\n<p>\u2013 Maxus \u00e4r den perfekta transportbilen f\u00f6r dig som k\u00f6r upp till 20 mil per dag. D\u00e5 kan f\u00f6raren ladda p\u00e5 f\u00f6retaget eller hemma p\u00e5 natten. Pickupen har en r\u00e4ckvidd p\u00e5 upp till 33 mil. Om man bara k\u00f6r 5\u20136 mil om dagen, vilket m\u00e5nga av v\u00e5ra f\u00f6retagskunder g\u00f6r, d\u00e5 r\u00e4cker det att ladda en g\u00e5ng per vecka, s\u00e4ger Johan.<\/p>\n\n\n\n<figure class=\"wp-block-image size-large\"><img loading=\"lazy\" decoding=\"async\" width=\"980\" height=\"653\" src=\"https:\/\/kampanjer.gotamedia.se\/wp-content\/uploads\/2024\/01\/Ahlberg2-980x653.jpeg\" alt=\"\" class=\"wp-image-65\" srcset=\"https:\/\/kampanjer.gotamedia.se\/wp-content\/uploads\/2024\/01\/Ahlberg2-980x653.jpeg 980w, https:\/\/kampanjer.gotamedia.se\/wp-content\/uploads\/2024\/01\/Ahlberg2-490x327.jpeg 490w, https:\/\/kampanjer.gotamedia.se\/wp-content\/uploads\/2024\/01\/Ahlberg2-768x512.jpeg 768w, https:\/\/kampanjer.gotamedia.se\/wp-content\/uploads\/2024\/01\/Ahlberg2-1536x1024.jpeg 1536w, https:\/\/kampanjer.gotamedia.se\/wp-content\/uploads\/2024\/01\/Ahlberg2-2048x1365.jpeg 2048w\" sizes=\"auto, (max-width: 980px) 100vw, 980px\" \/><figcaption class=\"wp-element-caption\">\u2013 Jag har sj\u00e4lv provk\u00f6rt bilarna fr\u00e5n Maxus och de h\u00e5ller verkligen vad de lovar i r\u00e4ckvidden, s\u00e4ger Johan Hedman, m\u00e4rkesansvarig hos Ahlberg Bil.<\/figcaption><\/figure>\n\n\n<div class=\"wp-block-nativblock-qoute\">\n  <div class=\"qoute-wrapper\">\n    <h2>\u201dMed Maxus slipper du ladd\u00e5ngesten\u201d<\/h2>\n  <\/div>\n<\/div>\n\n\n<p>Att Ahlberg Bil tillsammans med en handfull andra svenska Volvohandlare valt Maxus ligger i linje med Volvos ambition att bli helt eldrivna. Dealen blev klar i januari och under v\u00e5ren har Johan Hedman och hans kollegor kunnat visa upp de f\u00f6rsta transportbilarna f\u00f6r sina f\u00f6retagskunder.<\/p>\n\n\n\n<p>\u2013 Vi har tagit in fem modeller och l\u00e5tit provk\u00f6ra dem men det kommer \u00e4nnu fler modeller i slutet av \u00e5ret. Fokus \u00e4ven d\u00e5 kommer att vara transportbilar och en och annan pickup, s\u00e4ger Johan.<\/p>\n\n\n\n<p>F\u00f6rs\u00e4ljningen av Maxus sker initialt i Karlshamn och Ljungby men satsningen kommer \u00e4ven att sprida sig till alla orter d\u00e4r Ahlberg Bil finns.<\/p>\n\n\n\n<p>\u2013 K\u00f6per du Maxus hos oss s\u00e5 erbjuder vi dig samma trygghet och s\u00e4kerhet som n\u00e4r du k\u00f6per en Volvo. Skulle det bli n\u00e5got fel s\u00e5 f\u00e5r du samma service, s\u00e4ger Johan.<\/p>\n\n\n\n<p>\u2013 Det \u00e4r sp\u00e4nnande tider och vi \u00e4r glada \u00f6ver att \u00e5terigen s\u00e4lja transportbilar till attraktiva priser. Nu till hundra procent elektriska.<\/p>\n\n\n<div class=\"wp-block-nativblock-qoute\">\n  <div class=\"qoute-wrapper\">\n    <h2>\u201dPerfekta transportbilen f\u00f6r dig som k\u00f6r upp till 20 mil per dag\u201d<\/h2>\n  <\/div>\n<\/div>\n\n\n<p>F\u00f6r det \u00e4r den kvalificerade och personliga servicen som g\u00f6r att Radiocentralen st\u00e5r pall f\u00f6r konkurrensen fr\u00e5n l\u00e5gpriskedjor och n\u00e4thandel, menar Marcus Johansson.<\/p>\n\n\n\n<p>\u2013 Man ska k\u00e4nna sig som guldkund hos oss. Oavsett om man k\u00f6per ett batteri eller en ljudanl\u00e4ggning f\u00f6r tusentalskronor.<\/p>\n\n\n\n<figure class=\"wp-block-image size-large\"><img loading=\"lazy\" decoding=\"async\" width=\"980\" height=\"653\" src=\"https:\/\/kampanjer.gotamedia.se\/wp-content\/uploads\/2024\/01\/Ahlberg3-980x653.jpeg\" alt=\"\" class=\"wp-image-66\" srcset=\"https:\/\/kampanjer.gotamedia.se\/wp-content\/uploads\/2024\/01\/Ahlberg3-980x653.jpeg 980w, https:\/\/kampanjer.gotamedia.se\/wp-content\/uploads\/2024\/01\/Ahlberg3-490x327.jpeg 490w, https:\/\/kampanjer.gotamedia.se\/wp-content\/uploads\/2024\/01\/Ahlberg3-768x512.jpeg 768w, https:\/\/kampanjer.gotamedia.se\/wp-content\/uploads\/2024\/01\/Ahlberg3-1536x1024.jpeg 1536w, https:\/\/kampanjer.gotamedia.se\/wp-content\/uploads\/2024\/01\/Ahlberg3-2048x1365.jpeg 2048w\" sizes=\"auto, (max-width: 980px) 100vw, 980px\" \/><figcaption class=\"wp-element-caption\">Nyfiken p\u00e5 Maxus eldrivna elbilar? Ahlberg Bil har redan f\u00e5tt hem flera modeller f\u00f6r provk\u00f6rning. Ta kontakt med Johan Hedman, m\u00e4rkesansvarig f\u00f6r Maxus.<\/figcaption><\/figure>\n\n\n<div class=\"wp-block-nativblock-fakta\">\n  <div class=\"facts-content\">\n  \n\n<h2 class=\"wp-block-heading\">Maxus tre modeller<\/h2>\n\n\n\n<p><strong>e-Deliver 3<\/strong>&nbsp;\u2013 finns i tv\u00e5 l\u00e4ngder med lastvolym p\u00e5 4,8 och 6,3 kubikmeter.<\/p>\n\n\n\n<p><strong>e-Deliver 9<\/strong>&nbsp;\u2013 finns i tre storlekar med ett lastutrymme p\u00e5 9, 7, 11 eller 13 kubikmeter och med lastkapacitet p\u00e5 upp till 1 125 kg.<\/p>\n\n\n\n<p><strong>T90EV Pickup<\/strong>&nbsp;\u2013 en stor elpickup med fem s\u00e4ten och r\u00e4ckvidd p\u00e5 hela 33 mil.<\/p>\n\n  <\/div>\n<\/div>\n\n<div class=\"wp-block-nativblock-fakta\">\n  <div class=\"facts-content\">\n  \n\n<h2 class=\"wp-block-heading\">Om Ahlberg Bil<\/h2>\n\n\n\n<p>Ahlberg Bil har drygt 130 anst\u00e4llda och finns i&nbsp;<a href=\"https:\/\/www.ahlbergbil.se\/kontakta-oss-och-oppettider\/karlshamn\">Karlshamn<\/a>,&nbsp;<a href=\"https:\/\/www.ahlbergbil.se\/kontakta-oss-och-oppettider\/karlskrona\">Karlskrona<\/a>,&nbsp;<a href=\"https:\/\/www.ahlbergbil.se\/kontakta-oss-och-oppettider\/ljungby\">Ljungby<\/a>,&nbsp;<a href=\"https:\/\/www.ahlbergbil.se\/kontakta-oss-och-oppettider\/olofstrom\">Olofstr\u00f6m<\/a>&nbsp;och&nbsp;<a href=\"https:\/\/www.ahlbergbil.se\/kontakta-oss-och-oppettider\/solvesborg\">S\u00f6lvesborg<\/a>. Familjef\u00f6retaget grundades 1994 men har genom tidigare \u00e4gare representerat Volvo sedan 1950-talet. Ahlberg Bil \u00e4r auktoriserad \u00e5terf\u00f6rs\u00e4ljare f\u00f6r Volvo och 100 procent elektriska Maxus och s\u00e4ljer \u00e4ven begagnade bilar.<\/p>\n\n  <\/div>\n<\/div>\n\n<div class=\"wp-block-nativblock-relevantarticals\">\n  <h2>L\u00e4s mer artiklar<\/h2>\n  <div class=\"articals_wrapper\">\n          <div class=\"feature_articals\">\n        <div class=\"feature_articals_img_wrapper\">\n          <img decoding=\"async\" src=\"https:\/\/kampanjer.gotamedia.se\/wp-content\/uploads\/2024\/01\/Ahlberg1.jpeg\" alt=\"\"\/>\n        <\/div>\n        <div class=\"feature_articals_content\">\n          <h3>Ahlberg Bil lanserar nytt prisv\u00e4rt elbilsm\u00e4rke i Blekinge<\/h3>\n          <p>Det h\u00e4nder mycket p\u00e5 elbilsfronten just nu. Ahlberg Bil \u00e4r inget undantag. Den familje\u00e4gda bilkoncernen \u00e4r en stark bilakt\u00f6r i Blekinge och nu lanserar man nya m\u00e4rket Maxus och deras helelektriska transportbilar. Ahlberg Bil i Karlshamn, Karlskrona, Ljungby, Olofstr\u00f6m och S\u00f6lvesborg har l\u00e4nge varit synonymt med Volvo med fokus p\u00e5 personbilar. Men man har saknat [&hellip;]<\/p>\n          <a href=\"https:\/\/kampanjer.gotamedia.se\/ahlberg-bil\/ahlberg-bil-lanserar-nytt-prisvart-elbilsmarke-i-blekinge\/\" class=\"feature_articals_link\">L\u00e4s mer h\u00e4r<\/a>\n        <\/div>\n      <\/div>\n      <\/div>\n<\/div>","protected":false},"excerpt":{"rendered":"<p>Det h\u00e4nder mycket p\u00e5 elbilsfronten just nu. Ahlberg Bil \u00e4r inget undantag. Den familje\u00e4gda bilkoncernen \u00e4r en stark bilakt\u00f6r i Blekinge och nu lanserar man nya m\u00e4rket Maxus och deras helelektriska transportbilar. Ahlberg Bil i Karlshamn, Karlskrona, Ljungby, Olofstr\u00f6m och S\u00f6lvesborg har l\u00e4nge varit synonymt med Volvo med fokus p\u00e5 personbilar. Men man har saknat [&hellip;]<\/p>\n","protected":false},"author":4,"featured_media":64,"parent":62,"menu_order":0,"comment_status":"closed","ping_status":"closed","template":"","meta":{"_monsterinsights_skip_tracking":false,"_monsterinsights_sitenote_active":false,"_monsterinsights_sitenote_note":"","_monsterinsights_sitenote_category":0,"footnotes":""},"class_list":["post-63","page","type-page","status-publish","has-post-thumbnail","hentry"],"acf":[],"_links":{"self":[{"href":"https:\/\/kampanjer.gotamedia.se\/index.php\/wp-json\/wp\/v2\/pages\/63","targetHints":{"allow":["GET"]}}],"collection":[{"href":"https:\/\/kampanjer.gotamedia.se\/index.php\/wp-json\/wp\/v2\/pages"}],"about":[{"href":"https:\/\/kampanjer.gotamedia.se\/index.php\/wp-json\/wp\/v2\/types\/page"}],"author":[{"embeddable":true,"href":"https:\/\/kampanjer.gotamedia.se\/index.php\/wp-json\/wp\/v2\/users\/4"}],"replies":[{"embeddable":true,"href":"https:\/\/kampanjer.gotamedia.se\/index.php\/wp-json\/wp\/v2\/comments?post=63"}],"version-history":[{"count":0,"href":"https:\/\/kampanjer.gotamedia.se\/index.php\/wp-json\/wp\/v2\/pages\/63\/revisions"}],"up":[{"embeddable":true,"href":"https:\/\/kampanjer.gotamedia.se\/index.php\/wp-json\/wp\/v2\/pages\/62"}],"wp:featuredmedia":[{"embeddable":true,"href":"https:\/\/kampanjer.gotamedia.se\/index.php\/wp-json\/wp\/v2\/media\/64"}],"wp:attachment":[{"href":"https:\/\/kampanjer.gotamedia.se\/index.php\/wp-json\/wp\/v2\/media?parent=63"}],"curies":[{"name":"wp","href":"https:\/\/api.w.org\/{rel}","templated":true}]}}